1. Let b(m) = 7*f(m) + 6*u(m). Suppose -25*l - 157 = 107*l + 371. Calculate b(l).
-3
Let b(p) = p**3 - 6*p**2 - 8*p + 11. Suppose -k - 23 + 30 = 0. What is b(k)?
4
Let t(h) = 5 - 5*h - 79*h**2 + 25*h**2 + 25*h**2 + 28*h**2 + h**3 + 4*h. Give t(0).
5
Let l(a) = -3 + 3 + 2*a - 1 - 1. Suppose -i + 5*u = 5, 2*i + u + 15 = -i. What is l(i)?
-12
Suppose -t = -10 + 15. Let f = 8 + t. Let z(a) = a**3 - a**2 + a - 3*a**2 + a. Give z(f).
-3
Let r(h) = 5*h - 6. Let g = 308 - 306. What is r(g)?
4
Let i(o) be the third derivative of -o**4/24 + 5*o**3/6 + 2*o**2. Let p(h) = 2*h**3 - 2*h**2 - 4*h + 5. Let g be p(2). Suppose g*b - 3*b = -10. Give i(b).
10
Let v = 3 - 2. Let y(n) = -507*n**2 - 489*n**2 - 1 + 1010*n**2. Determine y(v).
13
Let i(x) be the first derivative of 3*x + 35 - 8 - 19 + x**2. Suppose -5*t - 28 = -12*t. Calculate i(t).
11
Suppose -x + 5*x = 12. Suppose -w + 6*b = b - 16, -48 = -3*w + 4*b. Let u(q) = 3 - q**3 - 20*q**2 - 21*q**2 + 60*q**2 - w*q**2. What is u(x)?
3
Let f(x) = -5 + 1 + 2063*x + 4 - 2052*x. Determine f(-1).
-11
Let v(j) be the second derivative of -j**3/2 + 3*j**2 - 45*j + 2. Determine v(11).
-27
Let t(m) = -3*m**2 - 19*m - 3. Let h(k) = -2*k**3 - 19*k**2 - 3*k + 48. Let j be h(-9). Determine t(j).
3
Suppose -48*z - 1 = 47. Let r(n) = -54*n**3 - 2*n**2 - n. Give r(z).
53
Let k(j) = j - 1. Let l(x) = -x + 3. Let w be l(3). Let i be 4/2*(-4 - w). Let a = i + 5. Give k(a).
-4
Let d(a) = -5*a**3 - 5*a**2 - 25*a - 18. Let w(v) = -3*v**3 - 3*v**2 - 14*v - 10. Let k(p) = 4*d(p) - 7*w(p). Give k(-3).
-14
Let i(p) = -p**3 + 6*p**2 + 2*p - 8. Let g be i(6). Let q(d) = g - 9*d - 3*d**2 + 9*d + d**3 - 6*d. Determine q(4).
-4
Suppose 0*v - 3*v = 2*d - 15, 5*v = -d + 32. Let c(h) = -4 + 3*h + 2*h**2 - 5*h + 0*h + h**3. Give c(d).
-7
Let n(b) = b**3 + 5*b**2 + 11*b + 6. Let m be (10/(-3))/((-6)/9). Let p(j) = 0 + 2 - 7 - 12*j - m*j**2 - 1 - j**3. Let y(h) = 7*n(h) + 6*p(h). What is y(-4)?
2
Suppose 2*a = 3*j - 10, 3*j + 0*j + a - 4 = 0. Let d(y) = -j*y + 2 + 0*y + 4*y. Let w(f) = -3*f - 2. Let c(g) = -3*d(g) - 4*w(g). Determine c(-2).
-10
Let n(y) = -y**3 + 6*y**2 - 6*y + 5. Suppose 10 = -43*q + 45*q. Determine n(q).
0
Suppose -2 = 5*l + 2*s, s = -2*l - 1 - 0. Let v = 9 - 7. Let w(z) = 2 + 0*z**v + 0 + z**2. What is w(l)?
2
Let u(f) = -470*f + 236*f + 1 - 9*f**2 + 235*f. What is u(-1)?
-9
Suppose 3 = k - 2. Let h be 1 + 1*(5 - 4). Let j(a) = a + h*a + 0*a - 5*a + 2. Give j(k).
-8
Let h be 9460/(-1320) - 2/(-12). Let i(m) = -m + 8. Let l(o) = 1. Let z(c) = -i(c) + 4*l(c). Calculate z(h).
-11
Let h(j) = -6*j - 4. Let g = 759 + -755. Calculate h(g).
-28
Let j be -1 + 0 - (2 + -1). Suppose 4*h = -2*h + 18. Let u(g) = g**h + 73 - 2*g - 2*g**3 - g**2 - 74. What is u(j)?
7
Let u(a) = -36*a + 20*a - 4 + 17*a. Give u(4).
0
Let c(n) = 8*n - 8 + 8 + 2*n**2 - 6. Let v(p) = -3*p**2 - 15*p + 11. Let d(q) = 5*c(q) + 3*v(q). Give d(6).
9
Let y(u) = u**3 - 10*u**2 + 5. Let z be y(10). Suppose -2*v + 5*k + 19 = 0, -z*v = -0*k + 2*k + 25. Let x(g) = 3*g + 1. What is x(v)?
-8
Let l be 2 + -2 - (-80)/8. Let n = 6 - l. Let w(d) = -d**3 - 4*d**2 - 3*d + 4. Determine w(n).
16
Suppose 0 = 6*x + 17 + 121. Let i = x + 19. Let z(c) = -c - 8. What is z(i)?
-4
Let o(w) be the third derivative of w**6/120 - 7*w**5/60 - w**4/4 - 19*w**3/6 + 178*w**2. Determine o(8).
-3
Let g(a) be the first derivative of -4*a**2 - 5 + 2*a - 1/2*a**4 + 1/20*a**5 + 1/6*a**3. Let z(k) be the first derivative of g(k). What is z(6)?
-2
Let q = -110 - -114. Suppose 0 = 2*w + 4*i + 2, w = -4*w + 2*i + 31. Let t(a) = 6*a**2 + 4 - w*a**2 + 0*a**2 - 2*a**2 + 3*a. Calculate t(q).
0
Let h(m) = 60 + 5*m - 57*m - 638*m**2 + 319*m**2 + 317*m**2. Give h(-27).
6
Let j be 56/(-48) - 5/6. Let t(i) = -5*i**2 - 2*i - 3. Calculate t(j).
-19
Let r(x) = x**2 + 7*x + 1. Suppose 126 = 3*f + 11*f. Suppose -f*u = 19 + 26. Give r(u).
-9
Let u(w) = 2*w + 1. Let a(y) = 3*y + 2. Let p(i) = -3*a(i) + 4*u(i). Suppose -t = 3*f - 40, -2*f + 0*t - t = -25. Let o be 28/(-5) + (-6)/f. Give p(o).
4
Let z = -17 - -39. Suppose -3*o + 4*s - 21 = s, -4*s + z = -3*o. Let d = 8 + o. Let j(g) = -g**2 + 4*g + 1. Determine j(d).
5
Let y(s) = -s + 11. Let r be y(5). Let w be (2/16)/(20/(-120))*-16. Let h(d) = -1 + r + 13*d - w*d. What is h(-6)?
-1
Let h(r) = -51*r + 152. Let v be h(3). Let o(c) = -2*c - 9*c - 1 + 2*c. Calculate o(v).
8
Let i(o) = -4 - 17*o**2 + 2 + 1 + 24*o**2 - o. Let l = 3 + 2. Suppose -6*g + g - l = 0. Determine i(g).
7
Let s(q) be the third derivative of q**6/120 - 7*q**5/60 + q**4/12 - 13*q**3/6 - 241*q**2. Determine s(7).
1
Let y(p) = -5*p - 7*p**2 + 13*p**2 - 3 - 5*p**2. Suppose -29 = -11*u + 37. What is y(u)?
3
Let g(t) = t**2 + 1. Let b(u) = -7*u + 2. Let j = -6 - -2. Let m(q) = -3*q + 1. Let n(d) = j*b(d) + 9*m(d). Let a be n(-2). What is g(a)?
2
Suppose -114 - 19 = -3*z + 4*q, 2*z + 5*q = 58. Let r = 48 - z. Let d(p) = p**3 - 10*p**2 + 8*p + 9. Determine d(r).
0
Suppose -4 - 2 = 7*p + 3*w, 4*w + 8 = -5*p. Let y(q) be the third derivative of 7*q**2 + p - 1/24*q**4 - 1/2*q**3 + 0*q. Calculate y(-4).
1
Let i(t) = 11*t + 413. Let o be i(-37). Let h(q) = -q**2 + q + 30. Give h(o).
0
Let h(i) = 8 - 3*i + 11 - 7. Suppose 24*b - 200 + 8 = 0. Give h(b).
-12
Let q(l) = -7*l + 12*l**3 - 5*l**3 - 2 - 6*l**2 - 4 - 8*l**3. Suppose 16 = 7*s - 11*s. What is q(s)?
-10
Let o(l) be the first derivative of -l**5/24 + l**4/8 + 7*l**3/3 + 2. Let z(h) be the third derivative of o(h). Determine z(2).
-7
Suppose 3*j - 28 = 4*n, -3*j - 36*n = -32*n - 20. Let f(r) = -r**3 + 8*r**2 + r - 4. Calculate f(j).
4
Let v(p) be the third derivative of p**6/120 + p**5/10 + p**4/6 - 2*p**3/3 + 18*p**2. Let b be v(-5). Let x(q) = 4 - 1 + 10*q**3 - 2. Give x(b).
11
Let y(s) = s**3 + 2*s**2 - 3*s. Suppose -4*p + 3*a = -17, -2*p - 3*p + 4*a + 22 = 0. Calculate y(p).
10
Let n(q) = -q**2 + 3*q + 14. Let x(s) = -s**2 + s. Let i(v) = -n(v) + 2*x(v). Give i(0).
-14
Let t(h) be the first derivative of h**2/2 - 10*h - 272. Give t(12).
2
Let o(r) be the third derivative of -r**6/720 - r**5/120 + 19*r**4/24 - 20*r**2. Let t(j) be the second derivative of o(j). Give t(-7).
6
Let f(a) = a - 4. Let t = 47 + -30. Let o(m) = -22*m**3 - m**2 + 1. Let g be o(1). Let i = t + g. What is f(i)?
-9
Suppose 0 = -0*d - 4*d - k + 45, -4*d = -k - 35. Let j(n) = -n**2 + 11*n - 12. Calculate j(d).
-2
Let g(t) = 12*t**2 + t. Let a be -3 + 3/(-1) + 7. Calculate g(a).
13
Suppose 2*q - 3 - 3 = 0. Let f(p) = 0*p**q - p**3 - 7*p**2 + 8*p + 2 - 5 + 5. Give f(-8).
2
Suppose -10*r + 230 - 170 = 0. Let a(g) = -g**2 + 6*g - 5. Give a(r).
-5
Let w(m) = 2. Let h(a) = a + 8. Suppose -q = 2*g + 3*g - 3, 3 = -2*q - g. Let x(s) = q*h(s) + 9*w(s). Calculate x(3).
-4
Let q(j) = j + 2. Let p = -52 - -54. Suppose 3*d = -p*d - 10. Give q(d).
0
Let d(v) = -v**2 + 7*v - 15. Let p be d(0). Let c be (15/4)/((-3)/(-8)). Let r be (4/(-3))/(c/p). Let h(i) = i - 2. Determine h(r).
0
Let w(u) = -2*u + 5*u - 4 - 2*u - 2. Determine w(0).
-6
Let y = -18 + 14. Let w(p) = 1 - 1 - 1 + 5 + 5*p. Calculate w(y).
-16
Suppose -4*m - 68 = -0*p - 4*p, 2*m = 3*p - 49. Suppose p = 5*y - 5. Let o(l) = 4*l + 2*l**3 - 8 - 6*l**3 + 4*l**2 + 3*l**3 + 4. What is o(y)?
12
Suppose -162 = -2*g - 7*g. Let d be (g/27)/(6/9). Let y(w) = 2*w**3 + w**2 + w - 1. Calculate y(d).
3
Let y = -12 + 16. Let g(d) = 5*d**3 + 5*d + d**2 - 12 - y*d**3 + d - 5*d. Calculate g(0).
-12
Let f(t) be the second derivative of -t**3/2 + t**2/2 + 18*t. Let p(s) = 1. Let a(n) = f(n) + 5*p(n). Suppose -3*b = -2*b - 4. Give a(b).
-6
Let o(p) be the second derivative of p**4/3 + 2*p**3/3 - 3*p**2/2 + p - 3. Let x(z) = z**3 + 1. Let c be x(1). Calculate o(c).
21
Let k(j) be the first derivative of -j**4/4 + 2*j**3 - j**2/2 + 4*j + 318. Give k(5).
24
Let h(b) = 2*b + 4. Let w = -12 + 2. Let f be 71/(-5) - 2/(-10). Let p = f - w. Give h(p).
-4
Let n(w) = -w**2 - 6*w - 6. Suppose -7 - 33 = 10*y. Determine n(y).
2
Suppose 509*a = 498*a + 22. Let k(i) = -i**3 + 2*i**2 + 2. Calculate k(a).
2
Let p(u) = 2*u - 51 + u**2 - 4*u**3 + 9 + 42. What is p(2)?
-24
Let t(x) = -x**3 + 5*x**2 - 4*x + 2. Let q be t(3). Suppose -5*h + q = -h. Suppose -2*i = -4*i + h. Let d(f) = 3*f - 1. Give d(i).
2
Let z(x) = 2*x**2 - 3*x + 3. Suppose 22*s - 2*s = -80. Determine z(s).
47
Suppo